(b) = -b + 5. Let s be m(-7). Suppose 0 = k + k + s. Let j = 10 + k. List the prime factors of j.
2
Let r = -18 - -20. Suppose r*t - 5 = 5. List the prime factors of t.
5
List the prime factors of ((-10)/6 - -1)*387/(-2).
3, 43
Suppose 2*v - 14 = -0*j - 3*j, 3*j - 18 = -3*v. Suppose -4*p = 3*l - 147, 6*p - 2*p + v*l - 148 = 0. List the prime factors of p.
2, 3
Let t(a) = -a**2 + 4. Let v be t(0). Suppose 0 = q - 2*q + v. What are the prime factors of q?
2
Let q = -20 + 22. What are the prime factors of q?
2
Let a = 13 + 1. Let v = a + -1. What are the prime factors of v?
13
Suppose -8*z + 4*z = 8. Let a be z/4*70/(-7). Suppose a*k = 6 + 24. List the prime factors of k.
2, 3
Suppose 0*w = 2*w - 60. Let t = -3 + 9. List the prime factors of (w/9)/(2/t).
2, 5
Let r = 130 - -42. List the prime factors of r.
2, 43
Suppose -5*l + 1865 = 2*s, -5*l + 1807 = s - 53. What are the prime factors of l?
7, 53
What are the prime factors of 46/8 + 8/32?
2, 3
Suppose 2*h - 28 = -2*l, -5*l + 0*h + h + 82 = 0. What are the prime factors of l?
2
Suppose 0 = h - 4*b, b - 3*b = 0. Suppose 0*l - 2*l + 42 = h. List the prime factors of l.
3, 7
Suppose 3*a - 26 = 2*a. Let d = a - -12. List the prime factors of d.
2, 19
Suppose 0 = 4*j + 16, -4*s + 4*j = 3*j - 68. Suppose -d + 100 = 3*x, 2*d + 8 = -2*d. Let i = x - s. What are the prime factors of i?
2, 3
Let u(l) = -3*l - 6. Let j be u(-4). Let p be (-2)/j + 46/3. List the prime factors of 10*(-2 - (-36)/p).
2
Let a be 11 + -10 - 1*-11. Suppose 7*n - 5*n = 0. Suppose -2*u = -3*f - n + 12, -4*u = a. What are the prime factors of f?
2
Let c = -85 + 124. List the prime factors of c.
3, 13
Suppose 5*p + 4*f = -1, -3*f - 15 = -2*p + 3. Let c be (8/6 - 2)*p. What are the prime factors of (12/(-4))/(1 + c)?
3
Suppose 0 = n + 4 + 6. Let d = n - -16. Let x = -4 + d. What are the prime factors of x?
2
Let i be 0/(0 + 3 - 1). Let q = i + 6. What are the prime factors of q?
2, 3
Let j(d) = -d**2 - 7*d + 2. Let o be j(-7). Suppose 2*n + o = 16. List the prime factors of n.
7
Let c be (-5)/(3/(6/(-2))). Suppose -c*u - 30 = 3*h, -u + 18 = -4*u + 5*h. List the prime factors of (2 - u) + (-1)/1.
7
Let d(z) = 2*z**2 + 7*z + 7. Let b be d(-6). Let x = -22 + b. What are the prime factors of x?
3, 5
Let v be (-2)/(56/(-30) - -2). Let x = v - -30. Let a = x + -6. List the prime factors of a.
3
Let g = 4 - -28. What are the prime factors of (g/6)/((-2)/(-3))?
2
What are the prime factors of (-68859)/(-441) + (16/(-14) - -1)?
2, 3, 13
Suppose u - 14 = -3*n, -24 = -0*n - 4*n - 4*u. Suppose -n*h + 5*h = 2. List the prime factors of h.
2
Let l = 173 - 123. List the prime factors of l.
2, 5
Suppose -10 = 3*l - 73. Let x = l + -12. Suppose -x - 20 = -4*v - p, p - 35 = -5*v. What are the prime factors of v?
2, 3
Let s(a) = -2*a**2 + 4*a + 8. Let z be s(6). Suppose 2*l = 4*l + 2. What are the prime factors of (z/12)/(l/3)?
2, 5
Suppose v = -f + 24, 3*v + 0*v + 16 = f. What are the prime factors of f?
2, 11
Let u = 26 + -14. What are the prime factors of ((-15)/u)/((-3)/12)?
5
Suppose 0 = 2*n - 0*n - 4. Let f be n/6*(-2 - -20). What are the prime factors of 3/6 + f/4?
2
Suppose n - 23 - 2 = -5*v, 2*n + 25 = 5*v. Suppose n = 6*h - h - 35. List the prime factors of h.
7
Suppose -2*w + r = -5*w + 69, -3*r + 63 = 3*w. List the prime factors of w.
2, 3
What are the prime factors of 6/(-3)*(-3 + 1)?
2
Suppose -5*g + 10 = 3*y - 85, 4*g - 54 = 2*y. What are the prime factors of (g/6)/((-18)/(-135))?
2, 5
Suppose -k - 25 = -6*k. Let g(l) = 4*l - 2. What are the prime factors of g(k)?
2, 3
What are the prime factors of (35/4)/(-5)*4/(-1)?
7
Let n be 1*(3 - 3) - -2. List the prime factors of (15/10)/(n/28).
3, 7
Let k(v) = -v**2 + 3*v - 2. Let d be k(2). Suppose 0 = -d*q + q + 18. List the prime factors of (-5)/((-105)/q)*-7.
2, 3
Let n(h) = 2*h**2 - 14*h + 13. Let f be n(9). Let i be -2*(-2)/(-2) + 16. List the prime factors of (-149)/(-7) - i/f.
3, 7
Let t = 132 - 65. What are the prime factors of t?
67
Let o(v) = 2*v**2 - v + 1. Let i be -6*(1/2 - 1). List the prime factors of o(i).
2
Let d = 2 - -2. Suppose -d*z = -6 - 54. List the prime factors of (z/(-1))/(-3) + 2.
7
Suppose 3*j = 5*j - 136. What are the prime factors of j?
2, 17
Let d = -15 - -102. List the prime factors of d.
3, 29
Suppose 2*f + 4 = 6*f, -2*n = -2*f + 90. What are the prime factors of 2 - (n + 2 + -2)?
2, 23
Let n be (-14)/(-4) + 1/2. Suppose -3*g - 2 = -n*g. Suppose -g*x - 2*x - y = -54, -4 = -x - 5*y. What are the prime factors of x?
2, 7
Let i = 56 - 32. What are the prime factors of i?
2, 3
List the prime factors of 2825/20 + 3 - 6/(-8).
5, 29
Let l(q) = 2*q + 6. Let t(c) = -c. Let w(b) = -l(b) - 5*t(b). What are the prime factors of w(8)?
2, 3
Let f(s) = -s**3 + 9*s**2 - 8*s - 3. Let w be f(8). List the prime factors of (w/(-9))/((-2)/(-30)).
5
Let n = 11 - 8. Suppose 0 = i - n*i + 4. Suppose -23 = -i*x - 9. What are the prime factors of x?
7
What are the prime factors of 146 + (6 - (-8)/(-4))?
2, 3, 5
Let k(s) = -s - 1. Let q be k(-5). Suppose 5*w + 2*o - q - 77 = 0, 5*o + 78 = 4*w. List the prime factors of w.
17
Suppose -2*n + 20 = -0*w - 2*w, -2*w - 35 = -3*n. List the prime factors of n.
3, 5
Let r = -33 + -13. Let a = r - -78. Suppose 3*w + 6 = 3*g - 0*w, -2*g - 5*w = -a. What are the prime factors of g?
2, 3
Let j be 2 + -1 - (-240)/(-5). Let b be 9/(-2)*44/6. Let l = b - j. List the prime factors of l.
2, 7
Suppose -5*m - 4*v + 37 = -4*m, 4*m + 3*v - 122 = 0. List the prime factors of m.
29
Let w = -3 + 5. Let b(n) = -n + 0*n + n**w - 4*n - 2. List the prime factors of b(7).
2, 3
Let z(g) = g**2 - 7*g + 2. Let c be z(7). Suppose d = -c*d. Suppose 2*i = -4*s + 8, 3*s + d = -12. What are the prime factors of i?
2, 3
Suppose 2*j + 4*u - 14 = 4, 2*j + 3*u - 16 = 0. Suppose m + 3*d - 24 - 2 = 0, -j*m = -2*d - 79. What are the prime factors of m?
17
Suppose 81 = 4*g - 91. What are the prime factors of g?
43
Suppose 4*b - 4*z + 3*z = -63, 0 = 5*b - 3*z + 84. What are the prime factors of (-2)/6*0 - b?
3, 5
Suppose -5*i + 51 + 129 = 0. List the prime factors of i.
2, 3
Let g(p) = p**3 + 11*p**2 - p - 5. Let q be g(-11). Let v(z) = 4 + 7*z - z**2 + 0*z**2 - z. List the prime factors of v(q).
2
Let u(o) = -o + 6. Let q be ((-12)/(-10))/((-21)/(-70)). What are the prime factors of u(q)?
2
Let y(i) = i**3 + i**2 - i + 5. Suppose 0 = -5*s - 4*l - 2, -2*s + 0*l = -2*l - 10. Suppose -h - 3 = h - z, s*z = 5*h + 6. List the prime factors of y(h).
5
Let t be 1 + -4 + (-255)/3. Let g = t - -126. List the prime factors of g.
2, 19
Suppose 4 = 2*j - 2*g + 6*g, 0 = -3*j - 4*g + 4. Suppose j*z + z = 13. Let u = z - 3. What are the prime factors of u?
2, 5
Suppose -w + 3*v - 7 = 0, 3*w + 3*v = -10 + 1. Let z(l) = -l - 4. Let u be z(w). Suppose u = 5*m - 19 - 11. What are the prime factors of m?
2, 3
Let h = 4 - -3. Let a = h - 1. What are the prime factors of a?
2, 3
Suppose 4*u = -2*i + 408, 3*u = 3*i - 653 + 59. List the prime factors of i.
2, 5
Let n(i) = 4*i**2 - 7*i. Let o(d) be the second derivative of d**4/12 - d**3/6 + 5*d. Let s(h) = -n(h) + 5*o(h). What are the prime factors of s(3)?
3, 5
Let l(y) be the first derivative of -y**2/2 - 6*y + 2. List the prime factors of l(-9).
3
Let x be (1/(-2))/((-4)/152). Suppose -2*g + x = -g. What are the prime factors of g?
19
Let u = 53 + 1. List the prime factors of u.
2, 3
Let h(u) be the first derivative of u**7/840 - u**6/180 + u**4/8 + u**3/3 - 1. Let n(w) be the third derivative of h(w). List the prime factors of n(3).
2, 3
Suppose -2*n = 4*q - 1080, 3*n - 134 = 2*q - 690. List the prime factors of q.
2, 17
Let j = 101 - 53. What are the prime factors of j?
2, 3
Let z(t) = t**3 + 6*t**2 - 6*t + 6. Let w be z(-7). What are the prime factors of (3 - -14) + w + -1?
3, 5
Let g = 24 - 14. Suppose -g = -a - 0. List the prime factors of a.
2, 5
Suppose -5*g + 0*g = 10. What are the prime factors of g - -10*(2 + -1)?
2
List the prime factors of 49/3 - (-10)/(-30).
2
Suppose 4*t = 3*t - 5*w + 120, 0 = 2*t - 5*w - 315. What are the prime factors of t?
5, 29
Let b = -143 + 218. List the prime factors of b.
3, 5
Suppose 0 = 4*s - 6*s. Let u = -2 - -5. Suppose s*k = -u*k + 39. What are the prime factors of k?
13
Let a(h) = -5*h**2 + 6*h + 4. Let t(j)